y 355?
353
What is the remainder when 534710340 is divided by 61?
17
Calculate the remainder when 390846 is divided by 924.
918
Calculate the remainder when 4509605 is divided by 1579.
1560
Calculate the remainder when 1090144 is divided by 11323.
3136
Calculate the remainder when 1037075 is divided by 27.
5
Calculate the remainder when 32940 is divided by 4086.
252
Calculate the remainder when 76734 is divided by 76143.
591
What is the remainder when 44461 is divided by 44226?
235
Calculate the remainder when 55062055 is divided by 2981.
4
What is the remainder when 8879116 is divided by 15771?
43
Calculate the remainder when 49750658 is divided by 17993.
13
What is the remainder when 451833 is divided by 225883?
67
Calculate the remainder when 933370 is divided by 565.
555
What is the remainder when 37298 is divided by 4163?
3994
What is the remainder when 34666526 is divided by 83?
82
Calculate the remainder when 382489 is divided by 2290.
59
Calculate the remainder when 28714202 is divided by 199404.
26
Calculate the remainder when 19251378 is divided by 5776.
5746
What is the remainder when 706045 is divided by 256?
253
What is the remainder when 125870 is divided by 1756?
1194
What is the remainder when 21118499 is divided by 3250?
3249
What is the remainder when 831016 is divided by 5850?
316
Calculate the remainder when 21325905 is divided by 1523278.
13
Calculate the remainder when 73683 is divided by 218.
217
Calculate the remainder when 2831667 is divided by 3228.
711
Calculate the remainder when 28656358 is divided by 5774.
5770
What is the remainder when 12745 is divided by 2285?
1320
Calculate the remainder when 5923947 is divided by 104.
3
Calculate the remainder when 10954 is divided by 7291.
3663
Calculate the remainder when 8486 is divided by 8426.
60
What is the remainder when 178796 is divided by 9823?
1982
Calculate the remainder when 34218 is divided by 3949.
2626
Calculate the remainder when 1293055 is divided by 86112.
1375
Calculate the remainder when 12254 is divided by 162.
104
Calculate the remainder when 33817207 is divided by 1470313.
8
What is the remainder when 356112958 is divided by 1345?
1343
What is the remainder when 9724295 is divided by 1944857?
10
Calculate the remainder when 1453325 is divided by 494.
471
Calculate the remainder when 93362 is divided by 15527.
200
What is the remainder when 14906 is divided by 239?
88
Calculate the remainder when 5015702 is divided by 109037.
0
Calculate the remainder when 3844830 is divided by 2116.
58
Calculate the remainder when 15912482 is divided by 7956241.
0
Calculate the remainder when 1021857 is divided by 569.
502
Calculate the remainder when 4660142 is divided by 776689.
8
Calculate the remainder when 7470831 is divided by 6369.
6363
What is the remainder when 879832 is divided by 11766?
9148
What is the remainder when 220352 is divided by 7?
6
Calculate the remainder when 56459 is divided by 197.
117
What is the remainder when 12577869 is divided by 232?
221
What is the remainder when 1555427 is divided by 777655?
117
Calculate the remainder when 144229 is divided by 2427.
1036
Calculate the remainder when 4432938 is divided by 63327.
48
Calculate the remainder when 707697 is divided by 235837.
186
What is the remainder when 10444877 is divided by 3389?
3368
What is the remainder when 1165141 is divided by 515?
211
What is the remainder when 1062890 is divided by 5368?
26
Calculate the remainder when 49749 is divided by 140.
49
Calculate the remainder when 70885136 is divided by 3938063.
2
What is the remainder when 748264 is divided by 187061?
20
What is the remainder when 1810276 is divided by 602751?
2023
Calculate the remainder when 2365603007 is divided by 101.
96
What is the remainder when 5260 is divided by 4289?
971
What is the remainder when 41998128 is divided by 625?
3
Calculate the remainder when 67830771 is divided by 3512.
3
Calculate the remainder when 874476 is divided by 43719.
96
Calculate the remainder when 211038 is divided by 35155.
108
Calculate the remainder when 189894376 is divided by 582.
580
What is the remainder when 14993 is divided by 1867?
57
Calculate the remainder when 64451 is divided by 718.
549
What is the remainder when 269754 is divided by 725?
54
Calculate the remainder when 22912962 is divided by 458259.
12
What is the remainder when 27608561 is divided by 13804274?
13
What is the remainder when 435073 is divided by 7251?
13
Calculate the remainder when 4235143 is divided by 212.
19
Calculate the remainder when 1073885 is divided by 30682.
15
What is the remainder when 679017662 is divided by 208?
206
Calculate the remainder when 2077237 is divided by 6789.
6592
Calculate the remainder when 259081 is divided by 2109.
1783
What is the remainder when 1201685 is divided by 2618?
23
Calculate the remainder when 767349232 is divided by 12833.
12830
Calculate the remainder when 9651 is divided by 902.
631
What is the remainder when 975775 is divided by 81314?
7
Calculate the remainder when 1377589 is divided by 25.
14
Calculate the remainder when 3011593 is divided by 297.
13
What is the remainder when 16496799 is divided by 2347?
2083
Calculate the remainder when 33089614 is divided by 170565.
4
What is the remainder when 55759 is divided by 1357?
122
What is the remainder when 4218325 is divided by 32700?
25
Calculate the remainder when 28852625 is divided by 7213155.
5
What is the remainder when 3816410 is divided by 477047?
34
What is the remainder when 941159 is divided by 104541?
290
Calculate the remainder when 513906 is divided by 5088.
18
What is the remainder when 682654 is divided by 56878?
118
Calculate the remainder when 29465 is divided by 7836.
5957
Calculate the remainder when 7406403 is divided by 2853.
15
Calculate the remainder when 2467010 is divided by 687.
680
What is the remainder when 19106636 is divided by 21?
17
Calculate the remainder when 132969 is divided by 44309.
42
Calculate the remainder when 2328475 is divided by 183.
166
What is the remainder when 22507117 is divided by 4345?
17
Calculate the remainder when 2716938 is divided by 55.
48
What is the remainder when 134671829 is divided by 14963533?
32
What is the remainder when 160347 is divided by 918?
615
Calculate the remainder when 3013679546 is divided by 4287.
4286
What is the remainder when 1938981 is divided by 632?
5
What is the remainder when 2411321 is divided by 1574?
1527
What is the remainder when 680736 is divided by 680496?
240
Calculate the remainder when 1200801 is divided by 3228.
3213
Calculate the remainder when 50689 is divided by 3459.
2263
What is the remainder when 10567229 is divided by 6?
5
What is the remainder when 15266 is divided by 3048?
26
Calculate the remainder when 225439 is divided by 119.
53
What is the remainder when 54462022 is divided by 412591?
10
Calculate the remainder when 130831 is divided by 79.
7
Calculate the remainder when 1868502 is divided by 698.
654
Calculate the remainder when 216807 is divided by 12025.
357
Calculate the remainder when 4484881 is divided by 121.
16
What is the remainder when 2575343 is divided by 7337?
56
What is the remainder when 7677396 is divided by 590568?
12
Calculate the remainder when 18742699 is divided by 141.
133
What is the remainder when 1281274 is divided by 180?
34
Calculate the remainder when 83250 is divided by 6366.
492
Calculate the remainder when 2450653 is divided by 1329.
1306
What is the remainder when 428904 is divided by 1002?
48
What is the remainder when 89154 is divided by 2970?
54
Calculate the remainder when 2564265 is divided by 366320.
25
Calculate the remainder when 219308 is divided by 72756.
1040
Calculate the remainder when 1208938 is divided by 719.
299
Calculate the remainder when 278223 is divided by 1772.
19
Calculate the remainder when 587906 is divided by 15.
11
Calculate the remainder when 231542 is divided by 33072.
38
What is the remainder when 153962 is divided by 3574?
280
Calculate the remainder when 8566592 is divided by 31.
21
Calculate the remainder when 112273 is divided by 18695.
103
What is the remainder when 182877 is divided by 33767?
14042
What is the remainder when 110151 is divided by 27048?
1959
Calculate th